{"id":8,"date":"2025-10-23T13:49:26","date_gmt":"2025-10-23T13:49:26","guid":{"rendered":"http:\/\/medioambientedisplay.com\/?page_id=8"},"modified":"2025-11-16T08:26:16","modified_gmt":"2025-11-16T08:26:16","slug":"bienvenidos","status":"publish","type":"page","link":"https:\/\/medioambientedisplay.com\/","title":{"rendered":"Control del Ruido"},"content":{"rendered":"<div class=\"wp-block-image\">\n<figure class=\"aligncenter size-full is-resized\"><img loading=\"lazy\" decoding=\"async\" width=\"1024\" height=\"1024\" src=\"http:\/\/medioambientedisplay.com\/wp-content\/uploads\/2025\/11\/Logo-de-Medio-Ambiente-Display-3d.png\" alt=\"\" class=\"wp-image-287\" style=\"width:369px;height:auto\" srcset=\"https:\/\/medioambientedisplay.com\/wp-content\/uploads\/2025\/11\/Logo-de-Medio-Ambiente-Display-3d.png 1024w, https:\/\/medioambientedisplay.com\/wp-content\/uploads\/2025\/11\/Logo-de-Medio-Ambiente-Display-3d-300x300.png 300w, https:\/\/medioambientedisplay.com\/wp-content\/uploads\/2025\/11\/Logo-de-Medio-Ambiente-Display-3d-100x100.png 100w, https:\/\/medioambientedisplay.com\/wp-content\/uploads\/2025\/11\/Logo-de-Medio-Ambiente-Display-3d-600x600.png 600w\" sizes=\"auto, (max-width: 1024px) 100vw, 1024px\" \/><\/figure><\/div>\n\n<p><?php echo do_shortcode('[google-translator]'); ?><\/p>\n\n\n\n<h2 class=\"wp-block-heading has-text-align-center\"><strong>En las calles, terrazas de Bares y Restaurantes,<\/strong><\/h2>\n\n\n\n<p class=\"has-text-align-center\"><strong>Informaci\u00f3n de los Decibelios<\/strong>, <strong>Temperatura<\/strong>, <strong>Humedad ambiental.<\/strong><\/p>\n\n\n\n<div class=\"wp-block-media-text has-media-on-the-right is-stacked-on-mobile\" style=\"grid-template-columns:auto 38%\"><div class=\"wp-block-media-text__content\">\n<p><strong>&nbsp;\u00bfQu\u00e9 es?<\/strong><\/p>\n\n\n\n<p>Un sistema de visualizaci\u00f3n y control ambiental en tiempo real, dise\u00f1ado para control del ruido en calles, locales p\u00fablicos como terrazas, restaurantes, cafeter\u00edas, hospitales, oficinas y centros educativos. Su objetivo: <strong>controlar el nivel de ruido, la humedad y la temperatura<\/strong>, asegurando el cumplimiento de las normativas municipales y ofreciendo confort a clientes y personal.<\/p>\n\n\n\n<p><\/p>\n<\/div><figure class=\"wp-block-media-text__media\"><img loading=\"lazy\" decoding=\"async\" width=\"934\" height=\"1024\" src=\"http:\/\/medioambientedisplay.com\/wp-content\/uploads\/2025\/11\/DisplayDecibelios-934x1024.jpg\" alt=\"\" class=\"wp-image-258 size-full\" srcset=\"https:\/\/medioambientedisplay.com\/wp-content\/uploads\/2025\/11\/DisplayDecibelios-934x1024.jpg 934w, https:\/\/medioambientedisplay.com\/wp-content\/uploads\/2025\/11\/DisplayDecibelios-600x658.jpg 600w, https:\/\/medioambientedisplay.com\/wp-content\/uploads\/2025\/11\/DisplayDecibelios-274x300.jpg 274w, https:\/\/medioambientedisplay.com\/wp-content\/uploads\/2025\/11\/DisplayDecibelios-768x842.jpg 768w, https:\/\/medioambientedisplay.com\/wp-content\/uploads\/2025\/11\/DisplayDecibelios.jpg 1216w\" sizes=\"auto, (max-width: 934px) 100vw, 934px\" \/><\/figure><\/div>\n\n\n\n<div class=\"wp-block-media-text is-stacked-on-mobile\" style=\"grid-template-columns:32% auto\"><figure class=\"wp-block-media-text__media\"><img loading=\"lazy\" decoding=\"async\" width=\"854\" height=\"1024\" src=\"http:\/\/medioambientedisplay.com\/wp-content\/uploads\/2025\/11\/DisplayCaraRoja-854x1024.jpg\" alt=\"\" class=\"wp-image-255 size-full\" srcset=\"https:\/\/medioambientedisplay.com\/wp-content\/uploads\/2025\/11\/DisplayCaraRoja-854x1024.jpg 854w, https:\/\/medioambientedisplay.com\/wp-content\/uploads\/2025\/11\/DisplayCaraRoja-600x720.jpg 600w, https:\/\/medioambientedisplay.com\/wp-content\/uploads\/2025\/11\/DisplayCaraRoja-250x300.jpg 250w, https:\/\/medioambientedisplay.com\/wp-content\/uploads\/2025\/11\/DisplayCaraRoja-768x921.jpg 768w, https:\/\/medioambientedisplay.com\/wp-content\/uploads\/2025\/11\/DisplayCaraRoja.jpg 1097w\" sizes=\"auto, (max-width: 854px) 100vw, 854px\" \/><\/figure><div class=\"wp-block-media-text__content\">\n<p><strong>Control Visual de Ruido en Tiempo Real<\/strong><\/p>\n\n\n\n<p><strong>Funcionalidad principal:<\/strong><\/p>\n\n\n\n<ol class=\"wp-block-list\">\n<li>Mide continuamente los decibelios permitidos seg\u00fan la normativa local.<\/li>\n\n\n\n<li>Pantalla visible que advierte en tiempo real cuando se supera el nivel establecido.<\/li>\n<\/ol>\n\n\n\n<p><strong>Beneficios:<\/strong><\/p>\n\n\n\n<p>Ideal para locales sin historial de quejas, pero que buscan cumplir la ley.<\/p>\n\n\n\n<p>Prevenci\u00f3n de sanciones.<\/p>\n\n\n\n<p>Imagen responsable ante clientes y vecinos.<\/p>\n<\/div><\/div>\n\n\n\n<div class=\"wp-block-media-text has-media-on-the-right is-stacked-on-mobile\" style=\"grid-template-columns:auto 32%\"><div class=\"wp-block-media-text__content\">\n<p><strong>Registro Interno de Infracciones<\/strong><\/p>\n\n\n\n<p><strong>Funcionalidad adicional:<\/strong><\/p>\n\n\n\n<ol class=\"wp-block-list\">\n<li>Registra autom\u00e1ticamente <strong>la hora, la fecha y la duraci\u00f3n de los excesos de ruido<\/strong>.<\/li>\n\n\n\n<li>Memoria interna con capacidad de hasta 30 d\u00edas (rotativa).<\/li>\n<\/ol>\n\n\n\n<p><strong>Beneficios:<\/strong><\/p>\n\n\n\n<p>Tranquilidad jur\u00eddica para locales con eventos o m\u00fasica.<\/p>\n\n\n\n<p>Evidencias objetivas ante denuncias vecinales.<\/p>\n\n\n\n<p>\u00datil para presentar informes a autoridades o auditor\u00edas internas.<\/p>\n<\/div><figure class=\"wp-block-media-text__media\"><img loading=\"lazy\" decoding=\"async\" width=\"907\" height=\"1024\" src=\"http:\/\/medioambientedisplay.com\/wp-content\/uploads\/2025\/11\/DisplaySilenciaCara-907x1024.jpg\" alt=\"\" class=\"wp-image-256 size-full\" srcset=\"https:\/\/medioambientedisplay.com\/wp-content\/uploads\/2025\/11\/DisplaySilenciaCara-907x1024.jpg 907w, https:\/\/medioambientedisplay.com\/wp-content\/uploads\/2025\/11\/DisplaySilenciaCara-600x677.jpg 600w, https:\/\/medioambientedisplay.com\/wp-content\/uploads\/2025\/11\/DisplaySilenciaCara-266x300.jpg 266w, https:\/\/medioambientedisplay.com\/wp-content\/uploads\/2025\/11\/DisplaySilenciaCara-768x867.jpg 768w, https:\/\/medioambientedisplay.com\/wp-content\/uploads\/2025\/11\/DisplaySilenciaCara.jpg 1155w\" sizes=\"auto, (max-width: 907px) 100vw, 907px\" \/><\/figure><\/div>\n\n\n\n<div class=\"wp-block-media-text is-stacked-on-mobile\" style=\"grid-template-columns:34% auto\"><figure class=\"wp-block-media-text__media\"><img loading=\"lazy\" decoding=\"async\" width=\"1024\" height=\"1014\" src=\"http:\/\/medioambientedisplay.com\/wp-content\/uploads\/2025\/11\/displayTempH-1024x1014.jpg\" alt=\"\" class=\"wp-image-259 size-full\" srcset=\"https:\/\/medioambientedisplay.com\/wp-content\/uploads\/2025\/11\/displayTempH-1024x1014.jpg 1024w, https:\/\/medioambientedisplay.com\/wp-content\/uploads\/2025\/11\/displayTempH-100x100.jpg 100w, https:\/\/medioambientedisplay.com\/wp-content\/uploads\/2025\/11\/displayTempH-600x594.jpg 600w, https:\/\/medioambientedisplay.com\/wp-content\/uploads\/2025\/11\/displayTempH-300x297.jpg 300w, https:\/\/medioambientedisplay.com\/wp-content\/uploads\/2025\/11\/displayTempH-150x150.jpg 150w, https:\/\/medioambientedisplay.com\/wp-content\/uploads\/2025\/11\/displayTempH-768x761.jpg 768w, https:\/\/medioambientedisplay.com\/wp-content\/uploads\/2025\/11\/displayTempH.jpg 1283w\" sizes=\"auto, (max-width: 1024px) 100vw, 1024px\" \/><\/figure><div class=\"wp-block-media-text__content\">\n<p><strong>Registro + Transmisi\u00f3n Remota<\/strong><\/p>\n\n\n\n<p><strong>Funciones avanzadas:<\/strong><\/p>\n\n\n\n<ol class=\"wp-block-list\">\n<li>Todo lo del Model B + <strong>transmisi\u00f3n de datos v\u00eda WiFi o Bluetooth<\/strong>.<\/li>\n\n\n\n<li>Acceso remoto desde ordenador o m\u00f3vil.<\/li>\n\n\n\n<li>Alertas inmediatas ante incidentes.<\/li>\n\n\n\n<li>Ideal para cadenas de hosteler\u00eda, hospitales o edificios inteligentes.<\/li>\n<\/ol>\n\n\n\n<p><strong>Beneficios:<\/strong><\/p>\n\n\n\n<ol class=\"wp-block-list\">\n<li>Gesti\u00f3n de m\u00faltiples locales desde una sola plataforma.<\/li>\n\n\n\n<li>Control en tiempo real sin estar presente en el local.<\/li>\n<\/ol>\n\n\n\n<p><strong>\ud83c\udfc6 Ventajas Competitivas<\/strong><\/p>\n\n\n\n<p>\u2705 Reduce el conflicto vecinal.<\/p>\n\n\n\n<p>\u2705 Cumple normativas de control ambiental.<\/p>\n\n\n\n<p>\u2705 Mejora la experiencia del cliente.<\/p>\n<\/div><\/div>\n\n\n\n<div class=\"wp-block-media-text has-media-on-the-right is-stacked-on-mobile\" style=\"grid-template-columns:auto 33%\"><div class=\"wp-block-media-text__content\">\n<p> Fabricaci\u00f3n nacional con soporte t\u00e9cnico propio.<\/p>\n\n\n\n<p>\u2705 Mantenimiento m\u00ednimo y f\u00e1cil instalaci\u00f3n.<\/p>\n\n\n\n<p>\u2705 Posibilidad de personalizaci\u00f3n (colores, umbrales, idiomas).<\/p>\n\n\n\n<p>\ud83d\udfe9 <strong>Argumentos Comerciales Generales <\/strong><em>(aplican a todos los modelos)<\/em><\/p>\n\n\n\n<p><strong>Cumplimiento normativo garantizado<\/strong>: Ayuda a locales p\u00fablicos a cumplir con las ordenanzas municipales de control de ruido y condiciones ambientales, evitando sanciones y conflictos legales.<\/p>\n<\/div><figure class=\"wp-block-media-text__media\"><img loading=\"lazy\" decoding=\"async\" width=\"934\" height=\"1024\" src=\"http:\/\/medioambientedisplay.com\/wp-content\/uploads\/2025\/11\/DisplayDecibelios-934x1024.jpg\" alt=\"\" class=\"wp-image-258 size-full\" srcset=\"https:\/\/medioambientedisplay.com\/wp-content\/uploads\/2025\/11\/DisplayDecibelios-934x1024.jpg 934w, https:\/\/medioambientedisplay.com\/wp-content\/uploads\/2025\/11\/DisplayDecibelios-600x658.jpg 600w, https:\/\/medioambientedisplay.com\/wp-content\/uploads\/2025\/11\/DisplayDecibelios-274x300.jpg 274w, https:\/\/medioambientedisplay.com\/wp-content\/uploads\/2025\/11\/DisplayDecibelios-768x842.jpg 768w, https:\/\/medioambientedisplay.com\/wp-content\/uploads\/2025\/11\/DisplayDecibelios.jpg 1216w\" sizes=\"auto, (max-width: 934px) 100vw, 934px\" \/><\/figure><\/div>\n\n\n\n<div class=\"wp-block-media-text is-stacked-on-mobile\" style=\"grid-template-columns:31% auto\"><figure class=\"wp-block-media-text__media\"><img decoding=\"async\" src=\"http:\/\/medioambientedisplay.com\/wp-content\/uploads\/2025\/11\/DisplayCaraVerde-931x1024.jpg\" alt=\"\" class=\"wp-image-260 size-full\"\/><\/figure><div class=\"wp-block-media-text__content\">\n<p>\u2705 <\/p>\n\n\n\n<p><strong>Imagen responsable y profesional<\/strong>: Transmiten una imagen de respeto por el entorno y la comunidad, mejorando la percepci\u00f3n del local ante vecinos, autoridades y clientes.<\/p>\n\n\n\n<p><strong>Ambiente confortable para<\/strong><\/p>\n\n\n\n<p><strong>Clientes<\/strong>: Al mantener los niveles de ruido y clima bajo control, se favorece una experiencia m\u00e1s agradable y segura para los usuarios.<\/p>\n\n\n\n<p><strong>Concienciaci\u00f3n visual efectiva<\/strong>: La presencia del display act\u00faa<\/p>\n\n\n\n<p>como un recordatorio constante y sutil para que los clientes bajen el tono de voz, sin necesidad de intervenci\u00f3n directa del personal.<\/p>\n\n\n\n<p><strong>Educaci\u00f3n ambiental silenciosa<\/strong>: El display promueve un comportamiento respetuoso con los dem\u00e1s a trav\u00e9s de la informaci\u00f3n visual, reforzando una cultura de convivencia responsable.<\/p>\n\n\n\n<p><strong>Instalaci\u00f3n y uso sencillo<\/strong>: Dispositivos plug-and-play con pantallas visibles, f\u00e1ciles de integrar en cualquier entorno.<\/p>\n\n\n\n<p><strong>Adaptabilidad a diferentes sectores<\/strong>: Desde hosteler\u00eda hasta hospitales, salas de espera, bibliotecas, coworkings y centros educativos.<\/p>\n<\/div><\/div>\n","protected":false},"excerpt":{"rendered":"<p>En las calles, terrazas de Bares y Restaurantes, Informaci\u00f3n de los Decibelios, Temperatura, Humedad ambiental. &nbsp;\u00bfQu\u00e9 es? Un sistema de visualizaci\u00f3n y control ambiental en tiempo real, dise\u00f1ado para control &#8230;<\/p>\n","protected":false},"author":1,"featured_media":0,"parent":0,"menu_order":0,"comment_status":"closed","ping_status":"closed","template":"","meta":{"footnotes":""},"class_list":["post-8","page","type-page","status-publish","hentry"],"jetpack_sharing_enabled":true,"_links":{"self":[{"href":"https:\/\/medioambientedisplay.com\/index.php?rest_route=\/wp\/v2\/pages\/8","targetHints":{"allow":["GET"]}}],"collection":[{"href":"https:\/\/medioambientedisplay.com\/index.php?rest_route=\/wp\/v2\/pages"}],"about":[{"href":"https:\/\/medioambientedisplay.com\/index.php?rest_route=\/wp\/v2\/types\/page"}],"author":[{"embeddable":true,"href":"https:\/\/medioambientedisplay.com\/index.php?rest_route=\/wp\/v2\/users\/1"}],"replies":[{"embeddable":true,"href":"https:\/\/medioambientedisplay.com\/index.php?rest_route=%2Fwp%2Fv2%2Fcomments&post=8"}],"version-history":[{"count":57,"href":"https:\/\/medioambientedisplay.com\/index.php?rest_route=\/wp\/v2\/pages\/8\/revisions"}],"predecessor-version":[{"id":412,"href":"https:\/\/medioambientedisplay.com\/index.php?rest_route=\/wp\/v2\/pages\/8\/revisions\/412"}],"wp:attachment":[{"href":"https:\/\/medioambientedisplay.com\/index.php?rest_route=%2Fwp%2Fv2%2Fmedia&parent=8"}],"curies":[{"name":"wp","href":"https:\/\/api.w.org\/{rel}","templated":true}]}}